rime factors of 2299451?
7, 11, 29863
What are the prime factors of 3068517?
3, 17, 60167
What are the prime factors of 24116672?
2, 376823
List the prime factors of 18616837.
18616837
List the prime factors of 20856958.
2, 10428479
What are the prime factors of 5238058?
2, 7, 137, 2731
List the prime factors of 1112727.
3, 7, 11, 4817
What are the prime factors of 4437375?
3, 5, 11833
What are the prime factors of 10826704?
2, 7, 96667
What are the prime factors of 3609243?
3, 11, 36457
List the prime factors of 415138.
2, 207569
What are the prime factors of 292743?
3, 11, 2957
List the prime factors of 16448595.
3, 5, 839, 1307
What are the prime factors of 1988494?
2, 994247
List the prime factors of 129842.
2, 64921
List the prime factors of 446918.
2, 19, 619
What are the prime factors of 18778014?
2, 3, 43, 8087
What are the prime factors of 10554958?
2, 41, 97, 1327
List the prime factors of 1635094.
2, 17, 48091
List the prime factors of 18485755.
5, 37, 99923
What are the prime factors of 8842031?
11, 181, 4441
What are the prime factors of 400689?
3, 211
List the prime factors of 54268.
2, 13567
What are the prime factors of 1646345?
5, 329269
What are the prime factors of 607624?
2, 151, 503
What are the prime factors of 2299904?
2, 1123
What are the prime factors of 258632?
2, 11, 2939
List the prime factors of 43258388.
2, 53, 107, 1907
What are the prime factors of 156542?
2, 29, 2699
List the prime factors of 222051.
3, 74017
List the prime factors of 3676021.
23, 6949
List the prime factors of 11557.
7, 13, 127
What are the prime factors of 52383?
3, 19, 919
What are the prime factors of 51503?
51503
What are the prime factors of 6463293?
3, 83, 101, 257
List the prime factors of 640881.
3, 71209
What are the prime factors of 18972752?
2, 1185797
What are the prime factors of 8676192?
2, 3, 7, 12911
List the prime factors of 414940.
2, 5, 20747
What are the prime factors of 1841713?
1841713
What are the prime factors of 889136?
2, 61, 911
List the prime factors of 184454.
2, 92227
What are the prime factors of 9587585?
5, 7, 39133
List the prime factors of 4230793.
7, 89, 6791
What are the prime factors of 597214?
2, 298607
List the prime factors of 1788532.
2, 447133
What are the prime factors of 42424935?
3, 5, 7, 197, 293
List the prime factors of 69330.
2, 3, 5, 2311
What are the prime factors of 1476130?
2, 5, 147613
List the prime factors of 197645.
5, 7, 5647
List the prime factors of 208678.
2, 103, 1013
List the prime factors of 8232525.
3, 5, 7, 5227
What are the prime factors of 123154?
2, 139, 443
List the prime factors of 288282.
2, 3, 23, 2089
List the prime factors of 1708611.
3, 239, 2383
What are the prime factors of 233908?
2, 58477
List the prime factors of 223596.
2, 3, 6211
List the prime factors of 13357605.
3, 5, 83, 10729
List the prime factors of 228006.
2, 3, 53, 239
What are the prime factors of 116892?
2, 3, 17, 191
What are the prime factors of 2727829?
13, 16141
What are the prime factors of 1782563?
1782563
List the prime factors of 309746.
2, 154873
What are the prime factors of 281638?
2, 7, 20117
What are the prime factors of 1997569?
7, 139, 2053
List the prime factors of 52457.
52457
List the prime factors of 1051485.
3, 5, 70099
List the prime factors of 586093.
19, 109, 283
List the prime factors of 412000.
2, 5, 103
What are the prime factors of 2263722?
2, 3, 377287
List the prime factors of 717874.
2, 37, 89, 109
List the prime factors of 1706472.
2, 3, 137, 173
List the prime factors of 58531.
11, 17, 313
What are the prime factors of 26859405?
3, 5, 17, 105331
List the prime factors of 741790.
2, 5, 7, 10597
What are the prime factors of 15138147?
3, 5046049
What are the prime factors of 34484755?
5, 17, 405703
List the prime factors of 653765.
5, 7, 18679
What are the prime factors of 2087994?
2, 3, 43, 8093
What are the prime factors of 4890653?
31, 79, 1997
List the prime factors of 74220.
2, 3, 5, 1237
What are the prime factors of 5456422?
2, 17, 160483
List the prime factors of 8999432.
2, 13, 86533
List the prime factors of 9951006.
2, 3, 13, 113, 1129
List the prime factors of 724379.
73, 9923
What are the prime factors of 302010?
2, 3, 5, 10067
List the prime factors of 6716139.
3, 17, 19, 29, 239
What are the prime factors of 2886345?
3, 5, 7, 11, 17
List the prime factors of 38656831.
1051, 36781
What are the prime factors of 18279263?
18279263
List the prime factors of 1483720.
2, 5, 7, 757
What are the prime factors of 1427102?
2, 83, 8597
List the prime factors of 8893933.
2917, 3049
What are the prime factors of 378259?
7, 54037
List the prime factors of 350249.
350249
What are the prime factors of 3154013?
23, 137131
List the prime factors of 11214120.
2, 3, 5, 113, 827
What are the prime factors of 2134560?
2, 3, 5, 4447
What are the prime factors of 21997840?
2, 5, 274973
List the prime factors of 2518799.
23, 97, 1129
What are the prime factors of 598079?
598079
What are the prime factors of 4086397?
7, 67, 8713
List the prime factors of 3997221.
3, 37, 36011
List the prime factors of 1783.
1783
What are the prime factors of 4198581?
3, 23, 6761
What are the prime factors of 747788?
2, 186947
What are the prime factors of 747534?
2, 3, 31, 4019
List the prime factors of 30098612.
2, 37, 47, 4327
List the prime factors of 4661541.
3, 517949
What are the prime factors of 19967430?
2, 3, 5, 7, 95083
What are the prime factors of 6207030?
2, 3, 5, 79, 97
List the prime factors of 18947682.
2, 3, 13, 2999
List the prime factors of 152.
2, 19
What are the prime factors of 812023?
107, 7589
What are the prime factors of 156181?
47, 3323
List the prime factors of 98842.
2, 73, 677
What are the prime factors of 159580?
2, 5, 79, 101
List the prime factors of 18615824.
2, 167, 6967
What are the prime factors of 34631590?
2, 5, 7, 494737
List the prime factors of 4685338.
2, 7, 334667
What are the prime factors of 19358944?
2, 11, 43, 1279
List the prime factors of 8772050.
2, 5, 7, 71, 353
What are the prime factors of 395811?
3, 13, 17, 199
What are the prime factors of 24923829?
3, 7, 37, 32077
List the prime factors of 229438.
2, 11, 10429
List the prime factors of 2347.
2347
What are the prime factors of 215296?
2, 29
List the prime factors of 9434603.
163, 57881
What are the prime factors of 30857?
59, 523
What are the prime factors of 16184905?
5, 11, 103, 2857
List the prime factors of 339533.
263, 1291
List the prime factors of 6386580.
2, 3, 5, 11827
What are the prime factors of 1585513?
1585513
List the prime factors of 226620.
2, 3, 5, 1259
List the prime factors of 160161.
3, 197, 271
What are the prime factors of 393030?
2, 3, 5, 11, 397
List the prime factors of 11669944.
2, 11, 13, 101
What are the prime factors of 245982?
2, 3, 11, 3727
What are the prime factors of 548527?
7, 23, 3407
List the prime factors of 3944549.
7, 79, 1019
What are the prime factors of 26383?
7, 3769
What are the prime factors of 112468?
2, 31, 907
What are the prime factors of 262714?
2, 131357
List the prime factors of 10506054.
2, 3, 13, 797
List the prime factors of 4786.
2, 2393
What are the prime factors of 58564?
2, 11
List the prime factors of 4503839.
4503839
What are the prime factors of 7903875?
3, 5, 7, 3011
List the prime factors of 699662.
2, 349831
List the prime factors of 464192.
2, 7253
What are the prime factors of 1109107?
281, 3947
What are the prime factors of 20476246?
2, 7, 1462589
List the prime factors of 944456.
2, 118057
List the prime factors of 1087704.
2, 3, 15107
List the prime factors of 28490184.
2, 3, 131899
What are the prime factors of 43371?
3, 61, 79
What are the prime factors of 6663388?
2, 17, 29, 31, 109
What are the prime factors of 20637055?
5, 1283, 3217
What are the prime factors of 30928298?
2, 137, 112877
List the prime factors of 23354433.
3, 864979
What are the prime factors of 233186?
2, 116593
What are the prime factors of 7094011?
19, 43, 457
List the prime factors of 4859954.
2, 11, 220907
What are the prime factors of 157518?
2, 3, 2917
List the prime factors of 1159178.
2, 83, 6983
List the prime factors of 3455339.
3455339
List the prime factors of 18436872.
2, 3, 768203
List the prime factors of 772002.
2, 3, 7, 11, 557
L